m?
4
Let h(l) = -l**3 + 5*l**2 + 7*l - 4. Let w be h(6). Let o be 11/(-3)*(-1 - w). What is the greatest common divisor of 11 and o?
11
Let y = -34 + 49. Let r be 1*(0 + (-4 - -3)). Let p = r - -4. Calculate the highest common factor of y and p.
3
Let x(q) = 2*q + 5. Let f be x(-1). Suppose -434 = -f*u - s, u + 21*s - 17*s = 141. What is the greatest common factor of 58 and u?
29
Suppose 0 = -u + 6*u - 35. Suppose 0*x - 77 = -u*x. Calculate the highest common divisor of 44 and x.
11
Let f(a) = 17*a**2 + 12*a - 45. Let h be f(4). Calculate the greatest common factor of h and 33.
11
Let o(j) = j**2 + 9*j. Let x be o(-8). Let s = -12 - x. Let d = 35 - s. What is the highest common divisor of 26 and d?
13
Let s = -20 + 35. Let w(g) be the third derivative of g**5/60 - g**4/8 + g**3 + 20*g**2. Let d be w(4). What is the greatest common factor of d and s?
5
Suppose 242 = 4*a - 5*d, -7 - 1 = 4*d. Let k = 84 - a. What is the highest common factor of 286 and k?
26
Suppose -35*t = -37*t + 58. Calculate the highest common factor of t and 1160.
29
Let m = -153 + 383. What is the greatest common factor of m and 5?
5
Let z be 7/(49/(-14)) + 7. Let d(w) = 4 + 1 + 0 + 5*w. Let c be d(4). What is the highest common factor of c and z?
5
Suppose -166 = 5*s - 1016. Let u = -20 + 25. Suppose 0 = -3*q + u*p + 26, 2*p = 7*p - 25. What is the highest common divisor of q and s?
17
Let f = -198 - -103. Let q = f - -135. Calculate the highest common factor of q and 200.
40
Let t(b) = -37*b - 31. Let u be t(-19). Calculate the greatest common divisor of u and 42.
42
Let j(v) = -v**3 + 5*v**2 + 9*v - 3. Let s be j(6). Let a be (3 - (2 - 2))*(-11 + 12). Calculate the highest common factor of a and s.
3
Let l(x) = -x**3 + 4. Let w be l(0). Suppose p = w*p - 75. Let h(g) = -g**3 + 11*g**2 + 8. Let a be h(8). Calculate the highest common factor of a and p.
25
Let s(g) = -5*g + 44. Let c be s(6). Suppose -576 = 4*i - 0*i. Let n be i/(-20) - 1/5. Calculate the greatest common factor of n and c.
7
Suppose -p - 3*i = -33, 2*p + 38*i = 34*i + 58. What is the highest common factor of p and 6?
3
Suppose 5*p + 87*p - 1792 = -20*p. Let g(j) = j**3 + 4*j - 1. Let a be g(5). Calculate the highest common divisor of a and p.
16
Suppose -69*i - 144 = -73*i. Let o = -6 + 10. What is the highest common factor of i and o?
4
Suppose 45*r + 425 = 1775. Calculate the highest common divisor of 48 and r.
6
Let i = -549 - -579. What is the highest common divisor of 2250 and i?
30
Let x(h) = -2*h - 8. Let a be x(-10). Suppose a - 27 = 5*u. Let z be 50/(4/(-6)*u). What is the highest common factor of 10 and z?
5
Let j = 208 + -104. Let w = -133 + 151. Suppose 3*k = m - 41, -4*m + 66 = 4*k - w. Calculate the greatest common divisor of j and m.
26
Let o(j) = -j - 3. Let w(x) = -x**3 + x**2 - x - 8. Let k be w(0). Let r be o(k). What is the highest common divisor of 40 and r?
5
Suppose 5*a = 93 + 57. Let w(f) = -26*f - 6. Let j be w(-1). Calculate the greatest common divisor of a and j.
10
Let h = -385 - -622. What is the greatest common factor of 3 and h?
3
Suppose 18*z = 17*z + 1. What is the greatest common divisor of z and 19?
1
Suppose -5*g + 2*p = 3*p - 18, 5*p = -5*g + 30. Let j(c) = 3*c**2 - 156*c - 156. Let b be j(53). What is the highest common factor of g and b?
3
Suppose -57 + 92 = g. Let p = 55 - g. What is the highest common divisor of 8 and p?
4
Let z(a) = 7*a**3 + 11*a**2 - 29*a - 5. Let w be z(3). Calculate the greatest common divisor of 56 and w.
28
Let b = 34 - -166. What is the greatest common divisor of 140 and b?
20
Suppose -3*z - 3*k + 864 = -2*k, 4*k + 1152 = 4*z. What is the highest common divisor of z and 45?
9
Let m be (-9183)/(-57) - (21/19 - 1). What is the highest common divisor of m and 184?
23
Let r(x) = 97*x - 390. Let p be r(5). Let z(y) = y**2 - 5*y + 3. Let n be z(5). Let b be (38/n)/(2/6). What is the greatest common divisor of p and b?
19
Suppose 67 = -2*s + 243. Suppose -5*w = -i + 20, -2*i - 3*i + 121 = -4*w. Suppose -i = -2*p - 9. What is the greatest common divisor of p and s?
8
Suppose 5*y - 9 - 6 = 0. Let w be y + -4 + 8/2. Let z = -27 - -33. Calculate the greatest common factor of z and w.
3
Let u = 116 + -90. What is the greatest common factor of 52 and u?
26
Suppose 5 = 6*g - g. Let h be -2 + (-4 - (-3 + g)). Let d = 12 + h. What is the greatest common divisor of d and 2?
2
Suppose 0 = 5*t - 23 - 7. Calculate the greatest common factor of 318 and t.
6
Suppose 194 - 1234 = -5*z. Calculate the greatest common divisor of 52 and z.
52
Let b be (-148)/(-52) + 8/52. What is the greatest common factor of b and 87?
3
Let y be 6/(-2 - 3 - 272/(-54)). Calculate the highest common factor of y and 594.
54
Let m = -27 + 29. Let l(o) = -o**2 - o + 1. Let f be l(m). Let h = f - -10. What is the highest common divisor of h and 35?
5
Let y(s) = -s**3 - 8*s**2 - 2*s - 12. Let r be ((-4)/6)/((-2)/(-24)). Let h be y(r). Let u be (3 - 40/12)*-48. Calculate the highest common divisor of u and h.
4
Let t = -54 - -64. What is the greatest common factor of t and 65?
5
Let f(a) = -19 + 25 + 0*a**2 - 6*a**2 + a**3. Let w be f(6). Let p be 2/(-2) - (-2)/1 - -65. Calculate the greatest common factor of p and w.
6
Suppose -49*z = -52*z + 96. Let b = z + -13. Calculate the highest common divisor of b and 57.
19
Let j(q) = 41*q**3 - q. Let f be j(1). Suppose 0 = d + 10 - f. What is the highest common factor of d and 20?
10
Suppose -140 = 3*v - 10*v. Calculate the greatest common factor of v and 50.
10
Suppose -2*a = -5*a + 288. Let i = -515 - -527. Calculate the highest common divisor of a and i.
12
Suppose -7 = -p - 2, 3*p - 108 = -q. Let v be 6/(-39) + q/13. Let g(a) = 2*a**2 - 9*a + 4. Let j be g(v). Calculate the highest common divisor of j and 13.
13
Let d = 279 - 183. What is the greatest common divisor of d and 256?
32
Let z be (2/(-3))/((-4)/(-6)). Let a be ((-1)/(-2) - 3/2)*z. What is the greatest common factor of 9 and a?
1
Let j(q) = -q**2 - 6*q + 6. Let m be j(-5). Let c = -63 - -67. Suppose 2*l - 49 = -g, c*g - 3*l - 174 = g. Calculate the greatest common factor of g and m.
11
Let x = 8 - -3. Let b = -9 + x. Let v be b/(-3)*(-5 + -247). Calculate the highest common divisor of 21 and v.
21
Suppose -10*n = -1510 - 580. Calculate the greatest common factor of n and 57.
19
Let h be -120*(-7 - (-104)/10 - 7). What is the greatest common divisor of 96 and h?
48
Suppose 210 = -0*s - 7*s. Let p(k) = k**3 + 31*k**2 + 28*k - 20. Let u be p(s). Calculate the greatest common factor of u and 70.
10
Let x(k) = k**3 + 10*k**2 - 6*k - 8. Let a be x(-9). Let b = 271 - a. What is the greatest common factor of b and 96?
48
Suppose 1614 = 56*q - 11322. What is the highest common factor of 66 and q?
33
Let y be 369993/3975 - (-4)/(-50). Calculate the greatest common factor of y and 1147.
31
Suppose 8 = 6*n - 4*n. Let j be (9 - 6) + 0 + n. Calculate the greatest common factor of 35 and j.
7
Let k(m) = -m + 54. Let t be k(-21). What is the greatest common factor of t and 25?
25
Let z(v) = 3*v + 63. Let f be z(-16). Let u be (((-20)/f)/2)/((-2)/27). Calculate the greatest common factor of u and 63.
9
Let a(d) = -d + 1. Let f(b) = 7*b - 9. Let g(y) = -a(y) + f(y). Let w be g(3). Calculate the highest common divisor of 70 and w.
14
Let m(g) = -55*g + 48. Let j be m(-6). Calculate the greatest common factor of j and 56.
14
Let q = 77 + -61. Suppose -2*v - 12 = -6*v. Suppose -r = 5*y - 215, -v*r = -q + 1. Calculate the greatest common factor of y and 21.
21
Let t(k) = -35*k**3 + 2*k**2 - 6*k - 11. Let l be t(-2). What is the greatest common factor of 51 and l?
17
Let q = 7 - 31. Let p be (9/q*-4)/(3/6). What is the greatest common divisor of 21 and p?
3
Let a(w) = -4*w + 24. Let u be a(-12). Suppose -u = -2*s - 0*s. What is the greatest common divisor of 18 and s?
18
Let o(a) = 3*a**3 + 51*a**2 - 14*a + 38. Let c be o(-17). What is the greatest common divisor of c and 345?
69
Suppose -3*x + 2*x + 2*m + 210 = 0, -4*x + 858 = -2*m. Calculate the greatest common divisor of 54 and x.
54
Let i(w) = -2*w**3 + 12*w**2 - w - 3. Let y be i(8). Let d = 459 + y. What is the greatest common divisor of d and 24?
24
Let v be -1 - -904 - (4 + (4 - 15)). What is the greatest common factor of v and 280?
70
Let a = 